3. Let y be i(a). Calculate the highest common divisor of y and 13.
13
Suppose 0*r + 2 = r, 4*u - 18 = -3*r. Suppose -2*n = l - 12, 3*n - 31 = -u*l - 2*n. Suppose -t = -l*t + 11. Calculate the greatest common factor of t and 1.
1
Suppose a - 76 = -10*b + 5*b, 0 = -4*a - 16. Let z be (12/5)/(3/20). What is the greatest common factor of z and b?
16
Let h = 15 + -11. Calculate the highest common divisor of h and 4.
4
Let p = 87 - 43. Calculate the greatest common divisor of p and 4.
4
Let v = 9 - 6. Let m be v*-5*4/(-1). Let p(f) = -23*f**3 + 2*f**2 - 1. Let b be p(-1). What is the greatest common divisor of b and m?
12
Let o = -96 - -118. Calculate the greatest common factor of o and 66.
22
Suppose 4*b - 22 + 66 = 0. Let k = b + 7. Let s be (26/k)/((-1)/4). Calculate the highest common factor of s and 39.
13
Let p = -66 + 93. What is the highest common factor of 3 and p?
3
Suppose 0 = -4*h + 3*f + 14, -2*h + f + 0 = -8. Suppose h*b = -5*m + 325, 174 = 4*m - b - 81. What is the greatest common factor of m and 8?
8
Let d(x) = -x**2 + 5*x - 5. Let q be d(4). Suppose 26 = -4*r + 10. Let b = q - r. What is the greatest common divisor of b and 9?
3
Suppose 0 = -0*l - 2*l - 54. Let a be (l/45)/(1/(-5)). What is the greatest common factor of 9 and a?
3
Let h(x) = -2*x**2 + 31*x - 14. Let c be h(15). What is the greatest common factor of c and 11?
1
Let o(z) = z**2 - 2*z - 2. Let v be o(4). Let s(k) = v*k**2 + k**2 - k**2 - k**3 + 3*k. Let q be s(3). Calculate the highest common factor of q and 24.
12
Let l(b) = 12*b + 12. Let k be l(4). What is the greatest common divisor of 45 and k?
15
Let v = -151 - -215. Suppose -4*q + 22 + 10 = 0. Calculate the greatest common factor of q and v.
8
Let p be (3 + -4 - 197/(-5))*5. What is the highest common divisor of p and 32?
32
Let u(d) = -d**2 - 6*d + 6. Let o be u(-6). Let w be (12/3)/(2/4). Let p be 12/8*w/3. Calculate the greatest common factor of p and o.
2
Suppose -9*h + 192 = -6*h. Calculate the greatest common factor of h and 32.
32
Let q(j) = 12*j + 2 + 24*j - 2. Let v be q(2). Suppose 3*g - 6*g + v = 0. Calculate the greatest common factor of g and 3.
3
Let b = 21 - 6. What is the highest common factor of b and 165?
15
Let a be (1 - 3)/(8/(-12)) - -25. Calculate the greatest common factor of a and 308.
28
Let o(q) = -296*q - 13. Let y(a) = -a + 1. Let g(t) = -o(t) - 6*y(t). Let r be g(6). Suppose 0 = 5*z - r + 694. What is the greatest common divisor of 25 and z?
25
Suppose 3 = -b - 2*n + 37, -2*b + 95 = -5*n. Let t(a) = 8*a**2 + 2. Let o be t(1). Calculate the highest common factor of o and b.
10
Let t(k) = k**2 + 2*k - 2. Let z be t(-4). Let x be 836/30 - z/(-45). Calculate the greatest common divisor of x and 14.
14
Let t(g) = 2*g**2 - 4*g + 9. Let k be t(4). What is the highest common divisor of 25 and k?
25
Suppose -3*x + 5*x = 0. Suppose -4*d + 284 + 88 = 4*l, x = -2*l + 4*d + 156. Calculate the greatest common divisor of l and 8.
8
Let o be 4/7*(3 - -4). Calculate the greatest common divisor of o and 2.
2
Let m = 39 - 12. Let b = 4 + 1. Suppose -u + b*u - 12 = 0. Calculate the highest common factor of m and u.
3
Let v be ((-25272)/(-66))/6 - (-2)/11. Calculate the highest common divisor of 4 and v.
4
Let u(p) = 30*p**2 - 2*p - 2. Let r be u(-1). Suppose -4*c = -139 - 41. Calculate the highest common divisor of c and r.
15
Let w(p) be the third derivative of 19*p**5/60 - p**4/24 - p**3/3 + 8*p**2. Let t be w(-1). Calculate the greatest common factor of t and 9.
9
Suppose -5*r + 1 + 19 = 0. Let g be (13 - (-8)/r) + -3. Calculate the highest common factor of g and 60.
12
Let f = 17 - 10. Let a = 38 + f. Calculate the greatest common factor of 15 and a.
15
Let d(v) = v - 1. Let k be d(1). Let w be (17 + -4)/(k + 1). What is the highest common divisor of w and 91?
13
Suppose 18 = 4*n - 10. Calculate the greatest common divisor of 7 and n.
7
Let m be -3 - (-6 - (1 - 2)). Suppose 6*q - m - 118 = 0. Let i(d) = 2*d. Let k be i(4). What is the greatest common factor of q and k?
4
Suppose -44 = -3*s + 43. Calculate the highest common factor of 116 and s.
29
Let h(g) be the second derivative of -5*g**3/3 + 4*g**2 + 2*g. Let i be h(-4). Calculate the highest common factor of i and 12.
12
Let z(d) = 4*d + 2. Let s be z(13). What is the highest common factor of s and 6?
6
Let g(v) = 76*v**3 - 2*v**2 + 1. Suppose 20 = 2*s + 4*u + 2, 4*u - 14 = 2*s. Let z be g(s). Calculate the highest common factor of z and 30.
15
Suppose 12 = -2*p + 6*p. What is the highest common factor of 33 and p?
3
Suppose 0 = 3*y - 18 + 6. Suppose 3*g - 76 = y*n, -g + 6 = 5*n - 13. Suppose k = -k + 24. What is the greatest common divisor of k and g?
12
Suppose -4*l + 192 = -292. Calculate the greatest common divisor of 11 and l.
11
Let o be 33 - 1/3*9. Calculate the highest common factor of o and 75.
15
Suppose 2*r - 52 - 130 = 0. What is the highest common factor of r and 13?
13
Let v(u) = 8*u**2 - 22*u + 44. Let j be v(3). Let q = 407 - 282. Calculate the greatest common divisor of j and q.
25
Suppose -4*k - 1 = 11. Let i be (-12)/8*20/k. Calculate the highest common factor of i and 4.
2
Suppose 6*p - p + 4*a - 1493 = 0, -4*a = -4*p + 1180. What is the greatest common divisor of p and 27?
27
Suppose -3*u + 5*k = -16 - 12, -5*u - 3*k = -24. What is the greatest common factor of 6 and u?
6
Let i = 8 - 7. Let o be (-44)/(-4) - (-2 + i). Calculate the highest common divisor of o and 2.
2
Let g(c) = 10*c**3 - 2*c**2 + 2*c - 1. Let a be g(1). Let i be a/(-2)*18/(-1). What is the highest common divisor of 9 and i?
9
Let p be (-3)/2*2/(-3). Let v = -3 - -10. Calculate the highest common factor of v and p.
1
Suppose -44 = -2*c - 2*c. Calculate the greatest common factor of 121 and c.
11
Let u be (5 + -5)*(-1)/2. Suppose u*i - 3*i = -144. Suppose 0 = -4*r + 2*r + 24. What is the highest common divisor of i and r?
12
Suppose -288 = -5*q - 2*j + 184, -q = -2*j - 92. Let w be -1 + q + 11 + -8. Suppose -7*n + 2*n = -60. Calculate the greatest common divisor of n and w.
12
Suppose -3*r + 384 = -r. What is the highest common factor of r and 24?
24
Let j be (-2)/(-5) - (-84)/15. Calculate the greatest common divisor of j and 6.
6
Suppose 6*u - 21 = 3*u. What is the highest common divisor of 49 and u?
7
Suppose 0 = -x + 119 - 17. What is the greatest common factor of x and 68?
34
Let x = 101 + -26. Suppose 5*t - 3*l = x, -2*t - l + 43 = 2*t. Calculate the highest common factor of t and 48.
12
Suppose 2*h = 3*h - 5*k - 40, 0 = -4*h + 2*k + 70. Suppose 0 = -5*v + 2*f + 31, 6*f = -v + 2*f - 7. Calculate the greatest common divisor of h and v.
5
Let x be (-189)/11 - (-6)/33. Let j = x - -31. What is the greatest common factor of j and 28?
14
Let v(h) = 2*h**2 + 5*h + 3. Let f be v(-5). Suppose -2*p + f = -2*o + 90, -2*o + 77 = p. Calculate the greatest common divisor of o and 24.
12
Let d = -7 + 11. Suppose 4*k + 168 = 4*t, -4*k = -5*t - 7*k + 226. What is the greatest common factor of t and d?
4
Let d = 155 + -85. Let l be 1 - 1*(-14)/2. Let n(z) = z**3 - 7*z**2 - 6*z - 2. Let j be n(l). What is the highest common divisor of d and j?
14
Suppose 5*m + 26 = 3*h + 87, 0 = h + 3*m - 3. Let v = -33 + 10. Let t = h - v. Calculate the greatest common factor of t and 22.
11
Let k = 1 - -83. What is the highest common factor of 42 and k?
42
Let l = -95 - -183. Let z(n) = -n. Let v = 6 + -14. Let y be z(v). Calculate the greatest common factor of l and y.
8
Let g be (-2)/(1/12*-2). Let x be (9/6)/(3/48). What is the greatest common factor of g and x?
12
Let w(n) = -2*n**2 + 16*n + 3. Let z be w(8). What is the highest common factor of 1 and z?
1
Let m(y) = -y - 3. Let n = -10 - -5. Let f be m(n). Calculate the highest common factor of f and 4.
2
Let g(j) = -j**3 - 3*j**2 + j + 1. Let n be g(-3). Let w = 22 + 9. Let k be w/3 + n/6. What is the highest common divisor of 5 and k?
5
Let t = 63 - 46. Calculate the highest common divisor of 136 and t.
17
Let y be 175 - 2/3*-3. Let u = y - 105. What is the highest common factor of 12 and u?
12
Let v = 95 - 68. Suppose v = 3*i - 0*i. Calculate the greatest common factor of i and 6.
3
Let w(r) be the second derivative of -r**5/20 - r**4/12 + r**3/6 + 4*r**2 - 2*r. Let i be w(0). Calculate the greatest common factor of 8 an